{"id":6795,"date":"2024-09-30T23:00:53","date_gmt":"2024-09-30T21:00:53","guid":{"rendered":"https:\/\/redestudiosafricanos.org\/?post_type=comunicacion&#038;p=6795"},"modified":"2024-10-14T09:45:19","modified_gmt":"2024-10-14T07:45:19","slug":"la-llengua-amaziga-al-marroc-entre-loficialitat-i-la-marginalitat","status":"publish","type":"comunicacion","link":"https:\/\/redestudiosafricanos.org\/en\/comunicacion\/la-llengua-amaziga-al-marroc-entre-loficialitat-i-la-marginalitat\/","title":{"rendered":"La llengua amaziga al Marroc entre l&#8217;oficialitat i la marginalitat"},"content":{"rendered":"<p>Des del 2011 la llengua amaziga es cooficial en la constituci\u00f3 marroquina, al costat de l&#039;\u00e0rab. Aquest reconeixement oficial \u00e9s fruit de dec\u00e0des de lluita del moviment cultural amazic pels drets culturals i ling\u00fc\u00edstics de la majoria de la poblaci\u00f3 marroquina. <br \/>\nDespr\u00e9s de m\u00e9s d&#039;una d\u00e8cada de reconeixement el balan\u00e7 \u00e9s bastant negatiu. L&#039;amazic segueix sent la llengua poc reconeguda i normalitzada en els diferents \u00e0mbits de la societat.<br \/>\nL&#039;ensenyament, els mitjans de comunicaci\u00f3, la literatura s\u00f3n uns dels \u00e0mbit on aquesta normalitzaci\u00f3 compta amb un suport oficial molt inferior al que es dona a l&#039;\u00e0rab.<br \/>\nEl pas de l&#039;oralitat a l&#039;escriptura \u00e9s un dels grans reptes de la normalitzaci\u00f3 i promoci\u00f3 de la llengua amazia.<br \/>\nAquesta comunicaci\u00f3 analitzar\u00e0 les fites aconseguides en aquest repte els obstacles que dificulten arribar a un nivell satisafctori.<br \/>\nS&#039;analitzaran algunes manifestacions de la producci\u00f3 liter\u00e0ria en amazic: g\u00e8neres, estat de la producci\u00f3, foment de la creaci\u00f3 liter\u00e0ria, etc. com una manifestaci\u00f3 d&#039;una pol\u00edtica ling\u00fc\u00edstica poc equitativa envers la llengua amaziga.<\/p>\n","protected":false},"author":33,"featured_media":0,"template":"","meta":{"_acf_changed":false,"_et_pb_use_builder":"","_et_pb_old_content":"","_et_gb_content_width":"","footnotes":""},"ciea":[87],"class_list":["post-6795","comunicacion","type-comunicacion","status-publish","hentry","ciea-ciea12"],"acf":[],"_links":{"self":[{"href":"https:\/\/redestudiosafricanos.org\/en\/wp-json\/wp\/v2\/comunicacion\/6795","targetHints":{"allow":["GET"]}}],"collection":[{"href":"https:\/\/redestudiosafricanos.org\/en\/wp-json\/wp\/v2\/comunicacion"}],"about":[{"href":"https:\/\/redestudiosafricanos.org\/en\/wp-json\/wp\/v2\/types\/comunicacion"}],"author":[{"embeddable":true,"href":"https:\/\/redestudiosafricanos.org\/en\/wp-json\/wp\/v2\/users\/33"}],"version-history":[{"count":1,"href":"https:\/\/redestudiosafricanos.org\/en\/wp-json\/wp\/v2\/comunicacion\/6795\/revisions"}],"predecessor-version":[{"id":6796,"href":"https:\/\/redestudiosafricanos.org\/en\/wp-json\/wp\/v2\/comunicacion\/6795\/revisions\/6796"}],"wp:attachment":[{"href":"https:\/\/redestudiosafricanos.org\/en\/wp-json\/wp\/v2\/media?parent=6795"}],"wp:term":[{"taxonomy":"ciea","embeddable":true,"href":"https:\/\/redestudiosafricanos.org\/en\/wp-json\/wp\/v2\/ciea?post=6795"}],"curies":[{"name":"wp","href":"https:\/\/api.w.org\/{rel}","templated":true}]}}

<p>Des del 2011 la llengua amaziga es cooficial en la constitució marroquina, al costat de l&#039;àrab. Aquest reconeixement oficial és fruit de decàdes de lluita del moviment cultural amazic pels drets culturals i lingüístics de la majoria de la població marroquina. <br />
Després de més d&#039;una dècada de reconeixement el balanç és bastant negatiu. L&#039;amazic segueix sent la llengua poc reconeguda i normalitzada en els diferents àmbits de la societat.<br />
L&#039;ensenyament, els mitjans de comunicació, la literatura són uns dels àmbit on aquesta normalització compta amb un suport oficial molt inferior al que es dona a l&#039;àrab.<br />
El pas de l&#039;oralitat a l&#039;escriptura és un dels grans reptes de la normalització i promoció de la llengua amazia.<br />
Aquesta comunicació analitzarà les fites aconseguides en aquest repte els obstacles que dificulten arribar a un nivell satisafctori.<br />
S&#039;analitzaran algunes manifestacions de la producció literària en amazic: gèneres, estat de la producció, foment de la creació literària, etc. com una manifestació d&#039;una política lingüística poc equitativa envers la llengua amaziga.</p>
