{"id":6797,"date":"2024-09-30T23:22:31","date_gmt":"2024-09-30T21:22:31","guid":{"rendered":"https:\/\/redestudiosafricanos.org\/?post_type=comunicacion&#038;p=6797"},"modified":"2024-10-07T11:41:50","modified_gmt":"2024-10-07T09:41:50","slug":"relacoes-turco-africanas-a-ascensao-de-mocambique-como-ponto-estrategico","status":"publish","type":"comunicacion","link":"https:\/\/redestudiosafricanos.org\/en\/comunicacion\/relacoes-turco-africanas-a-ascensao-de-mocambique-como-ponto-estrategico\/","title":{"rendered":"Rela\u00e7\u00f5es Turco-Africanas: A ascens\u00e3o de Mo\u00e7ambique como ponto estrat\u00e9gico"},"content":{"rendered":"<p>Este paper tem como objetivo analisar as rela\u00e7\u00f5es entre a Turquia e Mo\u00e7ambique, enquanto ponto estrat\u00e9gico para ascender como uma pot\u00eancia alternativa. <br \/>\nO ano de 2005 foi um ponto de viragem nas rela\u00e7\u00f5es da Turquia com o continente africano, momento em que o pa\u00eds recebeu o estatuto de observador junto da Uni\u00e3o Africana. O n\u00famero de embaixadas turcas em \u00c1frica passou de 12, em 2002, para 44, em 2024. <br \/>\nOs interesses de Ancara em Mo\u00e7ambique fazem parte de uma estrat\u00e9gia geopol\u00edtica ampla no Oceano \u00cdndico, focada na diversifica\u00e7\u00e3o de alian\u00e7as e na proje\u00e7\u00e3o de poder em regi\u00f5es tradicionalmente dominadas por outras pot\u00eancias. Esta estrat\u00e9gia reflete uma diplomacia mais ambiciosa, com efeitos j\u00e1 vis\u00edveis em pa\u00edses como a Som\u00e1lia. Com base em acordos de coopera\u00e7\u00e3o de seguran\u00e7a e defesa, em investimentos em novas infraestruturas, na promo\u00e7\u00e3o de iniciativas comerciais e no apoio \u00e0 educa\u00e7\u00e3o e \u00e0s crises humanit\u00e1rias, a Turquia procura aumentar a sua influ\u00eancia geopol\u00edtica na regi\u00e3o. <br \/>\nA localiza\u00e7\u00e3o estrat\u00e9gica de Mo\u00e7ambique, torna este pa\u00eds num ponto de interesse crescente para a Turquia, cuja colabora\u00e7\u00e3o excede os interesses bilaterais, afetando o equil\u00edbrio de poder entre as pot\u00eancias globais e regionais. A costa mo\u00e7ambicana possui portos e canais que ligam \u00c1frica ao M\u00e9dio Oriente e \u00e0 \u00c1sia, incluindo acesso a rotas comerciais importantes de petr\u00f3leo, g\u00e1s natural e de outras mercadorias. Al\u00e9m disso, o canal de Mo\u00e7ambique \u00e9 uma zona amea\u00e7ada pela pirataria e pelo tr\u00e1fico de droga, tornando-se imperativo que a seguran\u00e7a mar\u00edtima seja uma prioridade.<br \/>\nNeste aspeto, Mo\u00e7ambique tem uma perspetiva pragm\u00e1tica, assumindo a coopera\u00e7\u00e3o com a Turquia como uma oportunidade para o desenvolvimento da economia e da seguran\u00e7a, fortalecendo a sua posi\u00e7\u00e3o no panorama internacional. Contudo, o pa\u00eds continua a tentar equilibrar as suas rela\u00e7\u00f5es com outras pot\u00eancias, procurando maximizar os benef\u00edcios, sem comprometer as suas alian\u00e7as regionais.<\/p>\n","protected":false},"author":1316,"featured_media":0,"template":"","meta":{"_acf_changed":false,"_et_pb_use_builder":"","_et_pb_old_content":"","_et_gb_content_width":"","footnotes":""},"ciea":[87],"class_list":["post-6797","comunicacion","type-comunicacion","status-publish","hentry","ciea-ciea12"],"acf":[],"_links":{"self":[{"href":"https:\/\/redestudiosafricanos.org\/en\/wp-json\/wp\/v2\/comunicacion\/6797","targetHints":{"allow":["GET"]}}],"collection":[{"href":"https:\/\/redestudiosafricanos.org\/en\/wp-json\/wp\/v2\/comunicacion"}],"about":[{"href":"https:\/\/redestudiosafricanos.org\/en\/wp-json\/wp\/v2\/types\/comunicacion"}],"author":[{"embeddable":true,"href":"https:\/\/redestudiosafricanos.org\/en\/wp-json\/wp\/v2\/users\/1316"}],"version-history":[{"count":1,"href":"https:\/\/redestudiosafricanos.org\/en\/wp-json\/wp\/v2\/comunicacion\/6797\/revisions"}],"predecessor-version":[{"id":6798,"href":"https:\/\/redestudiosafricanos.org\/en\/wp-json\/wp\/v2\/comunicacion\/6797\/revisions\/6798"}],"wp:attachment":[{"href":"https:\/\/redestudiosafricanos.org\/en\/wp-json\/wp\/v2\/media?parent=6797"}],"wp:term":[{"taxonomy":"ciea","embeddable":true,"href":"https:\/\/redestudiosafricanos.org\/en\/wp-json\/wp\/v2\/ciea?post=6797"}],"curies":[{"name":"wp","href":"https:\/\/api.w.org\/{rel}","templated":true}]}}

Relações Turco-Africanas: A ascensão de Moçambique como ponto estratégico

<p>Este paper tem como objetivo analisar as relações entre a Turquia e Moçambique, enquanto ponto estratégico para ascender como uma potência alternativa. <br />
O ano de 2005 foi um ponto de viragem nas relações da Turquia com o continente africano, momento em que o país recebeu o estatuto de observador junto da União Africana. O número de embaixadas turcas em África passou de 12, em 2002, para 44, em 2024. <br />
Os interesses de Ancara em Moçambique fazem parte de uma estratégia geopolítica ampla no Oceano Índico, focada na diversificação de alianças e na projeção de poder em regiões tradicionalmente dominadas por outras potências. Esta estratégia reflete uma diplomacia mais ambiciosa, com efeitos já visíveis em países como a Somália. Com base em acordos de cooperação de segurança e defesa, em investimentos em novas infraestruturas, na promoção de iniciativas comerciais e no apoio à educação e às crises humanitárias, a Turquia procura aumentar a sua influência geopolítica na região. <br />
A localização estratégica de Moçambique, torna este país num ponto de interesse crescente para a Turquia, cuja colaboração excede os interesses bilaterais, afetando o equilíbrio de poder entre as potências globais e regionais. A costa moçambicana possui portos e canais que ligam África ao Médio Oriente e à Ásia, incluindo acesso a rotas comerciais importantes de petróleo, gás natural e de outras mercadorias. Além disso, o canal de Moçambique é uma zona ameaçada pela pirataria e pelo tráfico de droga, tornando-se imperativo que a segurança marítima seja uma prioridade.<br />
Neste aspeto, Moçambique tem uma perspetiva pragmática, assumindo a cooperação com a Turquia como uma oportunidade para o desenvolvimento da economia e da segurança, fortalecendo a sua posição no panorama internacional. Contudo, o país continua a tentar equilibrar as suas relações com outras potências, procurando maximizar os benefícios, sem comprometer as suas alianças regionais.</p>
