{"id":6827,"date":"2024-10-01T01:48:36","date_gmt":"2024-09-30T23:48:36","guid":{"rendered":"https:\/\/redestudiosafricanos.org\/?post_type=comunicacion&#038;p=6827"},"modified":"2024-10-07T11:42:01","modified_gmt":"2024-10-07T09:42:01","slug":"do-ser-tempo-o-entre-espaco-das-memorias-do-narrador-em-a-biografia-do-lingua-de-mario-lucio-de-sousa","status":"publish","type":"comunicacion","link":"https:\/\/redestudiosafricanos.org\/en\/comunicacion\/do-ser-tempo-o-entre-espaco-das-memorias-do-narrador-em-a-biografia-do-lingua-de-mario-lucio-de-sousa\/","title":{"rendered":"DO SER-TEMPO: O ENTRE-ESPA\u00c7O DAS MEM\u00d3RIAS DO NARRADOR EM \u201cA BIOGRAFIA DO L\u00cdNGUA\u201d, DE M\u00c1RIO L\u00daCIO DE SOUSA"},"content":{"rendered":"<p>Paul Ricoeur, em A mem\u00f3ria, a hist\u00f3ria e o esquecimento, apresenta a fenomenologia da mem\u00f3ria, estruturada com base naquilo que se tem lembran\u00e7a e sobre quem incide a mem\u00f3ria do que \u00e9 narrado. Assim, pensar na mem\u00f3ria \u00e9 referir-se a um ato consciente e interativo, por meio do qual a perspectiva humana se relaciona \u00e0s a\u00e7\u00f5es pr\u00f3prias e \u00e0s redes afetivas que v\u00e3o moldando a exist\u00eancia. \u00c9 nessa perspectiva que se conduzir\u00e1 este estudo, uma vez que se recorre ao signo liter\u00e1rio para perceber as nuances que marcaram o surgimento de na\u00e7\u00f5es livres, as quais foram idealizadas pelos sujeitos hist\u00f3ricos que colocaram em curso os projetos de na\u00e7\u00e3o. Neste trabalho, objetiva-se analisar a obra Biografia do L\u00edngua, do escritor caboverdiano M\u00e1rio L\u00facio de Sousa sob o vi\u00e9s da constru\u00e7\u00e3o do espa\u00e7o-tempo por meio das mem\u00f3rias da personagem Senhor Condenado. A personagem, um condenado de guerra, como \u00faltimo desejo antes da morte, tem seu pedido atendido: contar a hist\u00f3ria de L\u00edngua. A narra\u00e7\u00e3o detalhada, em que as lacunas territoriais s\u00e3o preenchidas pelo ato de imaginar, integra a ideia de que, embora a narrativa traga ao centro de discuss\u00e3o o tempo vivido pela personagem L\u00edngua, s\u00e3o as mem\u00f3rias do narrador que projetam essa narrativa para um terceiro-tempo. Com isso, percorre-se o tra\u00e7ado rememorativo da personagem, a fim de evidenciar o entrecruzamento dessas mem\u00f3rias com a pr\u00f3pria hist\u00f3ria da na\u00e7\u00e3o caboverdiana, sob a perspectiva do espa\u00e7o ocupado. Lan\u00e7ar o olhar sobre essas hist\u00f3rias \u00e9 inscrever uma nova vis\u00e3o de mundo, com vistas a uma compreens\u00e3o intr\u00ednseca sobre aquilo que foi incorporado ao imagin\u00e1rio social. Ademais, as discuss\u00f5es sobre as quest\u00f5es de mem\u00f3ria e identidade emergem por meio da conflu\u00eancia de vozes que habitam e dialogam com as ra\u00edzes perif\u00e9ricas situadas naquilo que Bhabha chamar\u00e1 de entre-lugar, ou seja, na intersec\u00e7\u00e3o dessas dimens\u00f5es.<\/p>\n","protected":false},"author":40,"featured_media":0,"template":"","meta":{"_acf_changed":false,"_et_pb_use_builder":"","_et_pb_old_content":"","_et_gb_content_width":"","footnotes":""},"ciea":[87],"class_list":["post-6827","comunicacion","type-comunicacion","status-publish","hentry","ciea-ciea12"],"acf":[],"_links":{"self":[{"href":"https:\/\/redestudiosafricanos.org\/en\/wp-json\/wp\/v2\/comunicacion\/6827","targetHints":{"allow":["GET"]}}],"collection":[{"href":"https:\/\/redestudiosafricanos.org\/en\/wp-json\/wp\/v2\/comunicacion"}],"about":[{"href":"https:\/\/redestudiosafricanos.org\/en\/wp-json\/wp\/v2\/types\/comunicacion"}],"author":[{"embeddable":true,"href":"https:\/\/redestudiosafricanos.org\/en\/wp-json\/wp\/v2\/users\/40"}],"version-history":[{"count":1,"href":"https:\/\/redestudiosafricanos.org\/en\/wp-json\/wp\/v2\/comunicacion\/6827\/revisions"}],"predecessor-version":[{"id":6828,"href":"https:\/\/redestudiosafricanos.org\/en\/wp-json\/wp\/v2\/comunicacion\/6827\/revisions\/6828"}],"wp:attachment":[{"href":"https:\/\/redestudiosafricanos.org\/en\/wp-json\/wp\/v2\/media?parent=6827"}],"wp:term":[{"taxonomy":"ciea","embeddable":true,"href":"https:\/\/redestudiosafricanos.org\/en\/wp-json\/wp\/v2\/ciea?post=6827"}],"curies":[{"name":"wp","href":"https:\/\/api.w.org\/{rel}","templated":true}]}}

DO SER-TEMPO: O ENTRE-ESPAÇO DAS MEMÓRIAS DO NARRADOR EM “A BIOGRAFIA DO LÍNGUA”, DE MÁRIO LÚCIO DE SOUSA

<p>Paul Ricoeur, em A memória, a história e o esquecimento, apresenta a fenomenologia da memória, estruturada com base naquilo que se tem lembrança e sobre quem incide a memória do que é narrado. Assim, pensar na memória é referir-se a um ato consciente e interativo, por meio do qual a perspectiva humana se relaciona às ações próprias e às redes afetivas que vão moldando a existência. É nessa perspectiva que se conduzirá este estudo, uma vez que se recorre ao signo literário para perceber as nuances que marcaram o surgimento de nações livres, as quais foram idealizadas pelos sujeitos históricos que colocaram em curso os projetos de nação. Neste trabalho, objetiva-se analisar a obra Biografia do Língua, do escritor caboverdiano Mário Lúcio de Sousa sob o viés da construção do espaço-tempo por meio das memórias da personagem Senhor Condenado. A personagem, um condenado de guerra, como último desejo antes da morte, tem seu pedido atendido: contar a história de Língua. A narração detalhada, em que as lacunas territoriais são preenchidas pelo ato de imaginar, integra a ideia de que, embora a narrativa traga ao centro de discussão o tempo vivido pela personagem Língua, são as memórias do narrador que projetam essa narrativa para um terceiro-tempo. Com isso, percorre-se o traçado rememorativo da personagem, a fim de evidenciar o entrecruzamento dessas memórias com a própria história da nação caboverdiana, sob a perspectiva do espaço ocupado. Lançar o olhar sobre essas histórias é inscrever uma nova visão de mundo, com vistas a uma compreensão intrínseca sobre aquilo que foi incorporado ao imaginário social. Ademais, as discussões sobre as questões de memória e identidade emergem por meio da confluência de vozes que habitam e dialogam com as raízes periféricas situadas naquilo que Bhabha chamará de entre-lugar, ou seja, na intersecção dessas dimensões.</p>
