{"id":6839,"date":"2024-10-01T04:43:55","date_gmt":"2024-10-01T02:43:55","guid":{"rendered":"https:\/\/redestudiosafricanos.org\/?post_type=comunicacion&#038;p=6839"},"modified":"2024-10-07T11:42:01","modified_gmt":"2024-10-07T09:42:01","slug":"redes-afro-atlanticas-no-festival-mundial-das-artes-e-culturas-negras-em-lagos-transitos-e-dialogos-as-margens-do-atlantico-negro","status":"publish","type":"comunicacion","link":"https:\/\/redestudiosafricanos.org\/en\/comunicacion\/redes-afro-atlanticas-no-festival-mundial-das-artes-e-culturas-negras-em-lagos-transitos-e-dialogos-as-margens-do-atlantico-negro\/","title":{"rendered":"Redes Afro-Atl\u00e2nticas no Festival Mundial das Artes e Culturas Negras em Lagos: Tr\u00e2nsitos e di\u00e1logos \u00e0s Margens do Atl\u00e2ntico Negro"},"content":{"rendered":"<p>Refletir sobre o futuro, na sua dimens\u00e3o ancestral, implica, necessariamente, fazer da Sankofa, simbologia adinkra, um vetor de revis\u00e3o epist\u00eamica onde inquirir o passado e desvelar os passos que nos conduziram ao presente possibilite um devir de equidade. Logo, o futuro \u00e9 concebido na sua dimens\u00e3o de constru\u00e7\u00e3o coletiva e processual filiado a um legado de lutas por emancipa\u00e7\u00e3o e dignidade das popula\u00e7\u00f5es africanas e afrodescendentes inscritas em uma agenda de justi\u00e7a racial.<br \/>\nAssim, interessa compreender o papel pol\u00edtico que a arte africana e afro-brasileira, no contexto da di\u00e1spora negra, desempenha no debate sobre emancipa\u00e7\u00e3o e antirracismo. Destarte, investiga-se o papel que o Festival Mundial das Artes e Culturas Negras desempenhou nos debates sobre essa quest\u00e3o.<br \/>\nAlicer\u00e7ado nese objetivo, investiga-se a posi\u00e7\u00e3o de Abdias Nascimento, convocado pela Unesco para participa\u00e7\u00e3o no Col\u00f3quio da Festac 77 com o tema \u201cA significa\u00e7\u00e3o das Artes Criativas na \u00c1frica e fora da \u00c1frica\u201d. Evidenciando seu importante papel ao alinhavar redes de intelectuais africanos, destacando-se Wande Abimbola e Pio Zimiru em di\u00e1logo com artistas e ativistas da di\u00e1spora africana alinhavando pautas entre as duas margens do Atl\u00e2ntico Negro na luta antirracista e debate democr\u00e1tico sobre o passado e o futuro dos povos de origem africana.<\/p>\n","protected":false},"author":1405,"featured_media":0,"template":"","meta":{"_acf_changed":false,"_et_pb_use_builder":"","_et_pb_old_content":"","_et_gb_content_width":"","footnotes":""},"ciea":[87],"class_list":["post-6839","comunicacion","type-comunicacion","status-publish","hentry","ciea-ciea12"],"acf":[],"_links":{"self":[{"href":"https:\/\/redestudiosafricanos.org\/en\/wp-json\/wp\/v2\/comunicacion\/6839","targetHints":{"allow":["GET"]}}],"collection":[{"href":"https:\/\/redestudiosafricanos.org\/en\/wp-json\/wp\/v2\/comunicacion"}],"about":[{"href":"https:\/\/redestudiosafricanos.org\/en\/wp-json\/wp\/v2\/types\/comunicacion"}],"author":[{"embeddable":true,"href":"https:\/\/redestudiosafricanos.org\/en\/wp-json\/wp\/v2\/users\/1405"}],"version-history":[{"count":1,"href":"https:\/\/redestudiosafricanos.org\/en\/wp-json\/wp\/v2\/comunicacion\/6839\/revisions"}],"predecessor-version":[{"id":6840,"href":"https:\/\/redestudiosafricanos.org\/en\/wp-json\/wp\/v2\/comunicacion\/6839\/revisions\/6840"}],"wp:attachment":[{"href":"https:\/\/redestudiosafricanos.org\/en\/wp-json\/wp\/v2\/media?parent=6839"}],"wp:term":[{"taxonomy":"ciea","embeddable":true,"href":"https:\/\/redestudiosafricanos.org\/en\/wp-json\/wp\/v2\/ciea?post=6839"}],"curies":[{"name":"wp","href":"https:\/\/api.w.org\/{rel}","templated":true}]}}

Redes Afro-Atlânticas no Festival Mundial das Artes e Culturas Negras em Lagos: Trânsitos e diálogos às Margens do Atlântico Negro

<p>Refletir sobre o futuro, na sua dimensão ancestral, implica, necessariamente, fazer da Sankofa, simbologia adinkra, um vetor de revisão epistêmica onde inquirir o passado e desvelar os passos que nos conduziram ao presente possibilite um devir de equidade. Logo, o futuro é concebido na sua dimensão de construção coletiva e processual filiado a um legado de lutas por emancipação e dignidade das populações africanas e afrodescendentes inscritas em uma agenda de justiça racial.<br />
Assim, interessa compreender o papel político que a arte africana e afro-brasileira, no contexto da diáspora negra, desempenha no debate sobre emancipação e antirracismo. Destarte, investiga-se o papel que o Festival Mundial das Artes e Culturas Negras desempenhou nos debates sobre essa questão.<br />
Alicerçado nese objetivo, investiga-se a posição de Abdias Nascimento, convocado pela Unesco para participação no Colóquio da Festac 77 com o tema “A significação das Artes Criativas na África e fora da África”. Evidenciando seu importante papel ao alinhavar redes de intelectuais africanos, destacando-se Wande Abimbola e Pio Zimiru em diálogo com artistas e ativistas da diáspora africana alinhavando pautas entre as duas margens do Atlântico Negro na luta antirracista e debate democrático sobre o passado e o futuro dos povos de origem africana.</p>
