{"id":6841,"date":"2024-10-01T04:58:08","date_gmt":"2024-10-01T02:58:08","guid":{"rendered":"https:\/\/redestudiosafricanos.org\/?post_type=comunicacion&#038;p=6841"},"modified":"2024-10-07T15:30:52","modified_gmt":"2024-10-07T13:30:52","slug":"patrimonios-em-perspectivas-negras-direito-a-cidade-antirracista-e-memorias-em-disputa","status":"publish","type":"comunicacion","link":"https:\/\/redestudiosafricanos.org\/en\/comunicacion\/patrimonios-em-perspectivas-negras-direito-a-cidade-antirracista-e-memorias-em-disputa\/","title":{"rendered":"Patrim\u00f4nios em perspectivas negras: Direito \u00e0 cidade, antirracista e mem\u00f3rias em disputa"},"content":{"rendered":"<p>No p\u00f3s-aboli\u00e7\u00e3o, as distintas formas de associativismo negro, desdobram-se, contemporaneamente, nos movimentos negros, revelando a mobiliza\u00e7\u00e3o como legado hist\u00f3rico de enfrentamento \u00e0s viol\u00eancias e destitui\u00e7\u00f5es de direitos das popula\u00e7\u00f5es negras egressas do cativeiro e seus descendentes. <br \/>\nConfrontando esse legado colonialista, reconhecendo a pot\u00eancia desses movimentos, assumido a mem\u00f3ria como arena em disputa e a rua como l\u00f3cus de revis\u00e3o da hist\u00f3ria em perspectiva negra, objetiva-se compreender a plasticidade das lutas antirracistas, no p\u00f3s-aboli\u00e7\u00e3o, como forma de enfrentamento aos legados de escraviza\u00e7\u00e3o e suas marcas na nossa sociedade contempor\u00e2nea. Para tal, pautando o direito \u00e0 cidade e o direito \u00e0 mem\u00f3ria, atrav\u00e9s da educa\u00e7\u00e3o patrimonial assumida como meio de valoriza\u00e7\u00e3o da heran\u00e7a cultural, investigar-se a atua\u00e7\u00e3o e as estrat\u00e9gias no campo da hist\u00f3ria p\u00fablica e dos patrim\u00f4nios empreendidas por Angana &#8211; N\u00facleo de Pesquisa e Educa\u00e7\u00e3o Patrimonial em Territ\u00f3rios Negros de S\u00e3o Paulo.<br \/>\nO palmilhar desse percurso se justifica por trazer \u00e0 tona outros contornos da mobiliza\u00e7\u00e3o social e pol\u00edtica dos movimentos negros no campo da mem\u00f3ria e do patrim\u00f4nio. <br \/>\nLogo,  ao revelar as estrat\u00e9gias de reescrita da exist\u00eancia negro paulistana, relido em perspectiva negra, o passado \u00e9 alinhavando \u00e0s in\u00fameras estrat\u00e9gias de resist\u00eancia contempor\u00e2nea para que n\u00e3o se perca o lastro ao qual se atrela o projeto da emancipa\u00e7\u00e3o, gestando um devir equ\u00e2nime.<\/p>\n","protected":false},"author":1405,"featured_media":0,"template":"","meta":{"_acf_changed":false,"_et_pb_use_builder":"","_et_pb_old_content":"","_et_gb_content_width":"","footnotes":""},"ciea":[87],"class_list":["post-6841","comunicacion","type-comunicacion","status-publish","hentry","ciea-ciea12"],"acf":[],"_links":{"self":[{"href":"https:\/\/redestudiosafricanos.org\/en\/wp-json\/wp\/v2\/comunicacion\/6841","targetHints":{"allow":["GET"]}}],"collection":[{"href":"https:\/\/redestudiosafricanos.org\/en\/wp-json\/wp\/v2\/comunicacion"}],"about":[{"href":"https:\/\/redestudiosafricanos.org\/en\/wp-json\/wp\/v2\/types\/comunicacion"}],"author":[{"embeddable":true,"href":"https:\/\/redestudiosafricanos.org\/en\/wp-json\/wp\/v2\/users\/1405"}],"version-history":[{"count":1,"href":"https:\/\/redestudiosafricanos.org\/en\/wp-json\/wp\/v2\/comunicacion\/6841\/revisions"}],"predecessor-version":[{"id":6842,"href":"https:\/\/redestudiosafricanos.org\/en\/wp-json\/wp\/v2\/comunicacion\/6841\/revisions\/6842"}],"wp:attachment":[{"href":"https:\/\/redestudiosafricanos.org\/en\/wp-json\/wp\/v2\/media?parent=6841"}],"wp:term":[{"taxonomy":"ciea","embeddable":true,"href":"https:\/\/redestudiosafricanos.org\/en\/wp-json\/wp\/v2\/ciea?post=6841"}],"curies":[{"name":"wp","href":"https:\/\/api.w.org\/{rel}","templated":true}]}}

Patrimônios em perspectivas negras: Direito à cidade, antirracista e memórias em disputa

<p>No pós-abolição, as distintas formas de associativismo negro, desdobram-se, contemporaneamente, nos movimentos negros, revelando a mobilização como legado histórico de enfrentamento às violências e destituições de direitos das populações negras egressas do cativeiro e seus descendentes. <br />
Confrontando esse legado colonialista, reconhecendo a potência desses movimentos, assumido a memória como arena em disputa e a rua como lócus de revisão da história em perspectiva negra, objetiva-se compreender a plasticidade das lutas antirracistas, no pós-abolição, como forma de enfrentamento aos legados de escravização e suas marcas na nossa sociedade contemporânea. Para tal, pautando o direito à cidade e o direito à memória, através da educação patrimonial assumida como meio de valorização da herança cultural, investigar-se a atuação e as estratégias no campo da história pública e dos patrimônios empreendidas por Angana &#8211; Núcleo de Pesquisa e Educação Patrimonial em Territórios Negros de São Paulo.<br />
O palmilhar desse percurso se justifica por trazer à tona outros contornos da mobilização social e política dos movimentos negros no campo da memória e do patrimônio. <br />
Logo,  ao revelar as estratégias de reescrita da existência negro paulistana, relido em perspectiva negra, o passado é alinhavando às inúmeras estratégias de resistência contemporânea para que não se perca o lastro ao qual se atrela o projeto da emancipação, gestando um devir equânime.</p>
