{"id":6964,"date":"2024-10-09T15:47:18","date_gmt":"2024-10-09T13:47:18","guid":{"rendered":"https:\/\/redestudiosafricanos.org\/?post_type=comunicacion&#038;p=6964"},"modified":"2024-10-09T15:48:21","modified_gmt":"2024-10-09T13:48:21","slug":"en-busca-de-los-origenes-del-malikismo-en-africa-occidental-ss-ix-xv-fuentes-teorias-y-nuevas-aproximaciones","status":"publish","type":"comunicacion","link":"https:\/\/redestudiosafricanos.org\/en\/comunicacion\/en-busca-de-los-origenes-del-malikismo-en-africa-occidental-ss-ix-xv-fuentes-teorias-y-nuevas-aproximaciones\/","title":{"rendered":"En busca de los or\u00edgenes del m\u0101likismo en \u00c1frica occidental (ss. IX-XV): fuentes, teor\u00edas y nuevas aproximaciones"},"content":{"rendered":"<p>La existencia de una tradici\u00f3n de jurisprudencia isl\u00e1mica plenamente integrada en la escuela jur\u00eddica m\u0101lik\u00ed en la zona de la curva media del r\u00edo N\u00edger en el s. IX\/XV ha sido suficientemente constatada (Nobili 2020, entre otros). Sin embargo, en la actualidad persisten interrogantes de investigaci\u00f3n abiertos en torno a su aparici\u00f3n. Las hip\u00f3tesis acerca de la vinculaci\u00f3n de la difusi\u00f3n del m\u0101likismo en el Sahel con el movimiento almor\u00e1vide, muy extendidas en \u00e1mbitos acad\u00e9micos (Ware 2014, Sanneh 2016, Wright 2023), no resultan suficientemente fundamentadas por la imposibilidad de trazar las cadenas de transmisi\u00f3n de esta corriente jur\u00eddica en la zona. Del mismo modo, la evidencia textual disponible hasta la fecha no permite profundizar en la distribuci\u00f3n geogr\u00e1fica y temporal, ni en las caracter\u00edsticas de la llegada del islam a la regi\u00f3n a partir del s. III\/VIII, en tiempos de la entidad (o entidades) pol\u00edtica conocida como Gh\u0101na, cuya localizaci\u00f3n contin\u00faa siendo objeto de debate (Gestrich 2019). Tampoco es posible a trav\u00e9s de las fuentes \u00e1rabes conocer en profundidad c\u00f3mo tuvo lugar el surgimiento de la tradici\u00f3n intelectual del m\u0101likismo saheliano, posiblemente durante el periodo de apogeo del imperio o sultanato de M\u0101l\u012b, ni tampoco las circunstancias en que se desarroll\u00f3 el ib\u0101\u1e0dismo en la regi\u00f3n (Lewicki 1971, Prevost 2008).<br \/>\nEsta comunicaci\u00f3n reexamina las distintas teor\u00edas acerca de los procesos de intercambio intelectual y religioso a la luz del cambio de paradigma en la historiograf\u00eda de \u00c1frica occidental en las \u00faltima dos d\u00e9cadas, y plantea qu\u00e9 nuevas direcciones se abren en este campo a pesar de la ausencia de fuentes textuales\u2026 o gracias a ella.<\/p>\n","protected":false},"author":96,"featured_media":0,"template":"","meta":{"_acf_changed":false,"_et_pb_use_builder":"","_et_pb_old_content":"","_et_gb_content_width":"","footnotes":""},"ciea":[87],"class_list":["post-6964","comunicacion","type-comunicacion","status-publish","hentry","ciea-ciea12"],"acf":[],"_links":{"self":[{"href":"https:\/\/redestudiosafricanos.org\/en\/wp-json\/wp\/v2\/comunicacion\/6964","targetHints":{"allow":["GET"]}}],"collection":[{"href":"https:\/\/redestudiosafricanos.org\/en\/wp-json\/wp\/v2\/comunicacion"}],"about":[{"href":"https:\/\/redestudiosafricanos.org\/en\/wp-json\/wp\/v2\/types\/comunicacion"}],"author":[{"embeddable":true,"href":"https:\/\/redestudiosafricanos.org\/en\/wp-json\/wp\/v2\/users\/96"}],"version-history":[{"count":1,"href":"https:\/\/redestudiosafricanos.org\/en\/wp-json\/wp\/v2\/comunicacion\/6964\/revisions"}],"predecessor-version":[{"id":6965,"href":"https:\/\/redestudiosafricanos.org\/en\/wp-json\/wp\/v2\/comunicacion\/6964\/revisions\/6965"}],"wp:attachment":[{"href":"https:\/\/redestudiosafricanos.org\/en\/wp-json\/wp\/v2\/media?parent=6964"}],"wp:term":[{"taxonomy":"ciea","embeddable":true,"href":"https:\/\/redestudiosafricanos.org\/en\/wp-json\/wp\/v2\/ciea?post=6964"}],"curies":[{"name":"wp","href":"https:\/\/api.w.org\/{rel}","templated":true}]}}

En busca de los orígenes del mālikismo en África occidental (ss. IX-XV): fuentes, teorías y nuevas aproximaciones

<p>La existencia de una tradición de jurisprudencia islámica plenamente integrada en la escuela jurídica mālikí en la zona de la curva media del río Níger en el s. IX/XV ha sido suficientemente constatada (Nobili 2020, entre otros). Sin embargo, en la actualidad persisten interrogantes de investigación abiertos en torno a su aparición. Las hipótesis acerca de la vinculación de la difusión del mālikismo en el Sahel con el movimiento almorávide, muy extendidas en ámbitos académicos (Ware 2014, Sanneh 2016, Wright 2023), no resultan suficientemente fundamentadas por la imposibilidad de trazar las cadenas de transmisión de esta corriente jurídica en la zona. Del mismo modo, la evidencia textual disponible hasta la fecha no permite profundizar en la distribución geográfica y temporal, ni en las características de la llegada del islam a la región a partir del s. III/VIII, en tiempos de la entidad (o entidades) política conocida como Ghāna, cuya localización continúa siendo objeto de debate (Gestrich 2019). Tampoco es posible a través de las fuentes árabes conocer en profundidad cómo tuvo lugar el surgimiento de la tradición intelectual del mālikismo saheliano, posiblemente durante el periodo de apogeo del imperio o sultanato de Mālī, ni tampoco las circunstancias en que se desarrolló el ibāḍismo en la región (Lewicki 1971, Prevost 2008).<br />
Esta comunicación reexamina las distintas teorías acerca de los procesos de intercambio intelectual y religioso a la luz del cambio de paradigma en la historiografía de África occidental en las última dos décadas, y plantea qué nuevas direcciones se abren en este campo a pesar de la ausencia de fuentes textuales… o gracias a ella.</p>
