{"id":8681,"date":"2025-01-15T15:49:24","date_gmt":"2025-01-15T14:49:24","guid":{"rendered":"https:\/\/redestudiosafricanos.org\/?post_type=comunicacion&#038;p=8681"},"modified":"2025-01-16T03:08:05","modified_gmt":"2025-01-16T02:08:05","slug":"las-colecciones-de-casa-africa-narrativas-en-dialogo-con-las-diversidades-culturales-africanas","status":"publish","type":"comunicacion","link":"https:\/\/redestudiosafricanos.org\/en\/comunicacion\/las-colecciones-de-casa-africa-narrativas-en-dialogo-con-las-diversidades-culturales-africanas\/","title":{"rendered":"Las Colecciones de Casa \u00c1frica: narrativas en di\u00e1logo con las diversidades culturales africanas"},"content":{"rendered":"<p>Las Colecciones de Casa \u00c1frica representan un esfuerzo significativo por promover el patrimonio cultural africano y afrodescendiente a trav\u00e9s de la literatura, el ensayo, la historia y la pol\u00edtica, en audiencias espa\u00f1olas e hispanohablantes. Esta comunicaci\u00f3n explorar\u00e1 c\u00f3mo estas colecciones no solo sirven como un repositorio de conocimiento, sino tambi\u00e9n como un espacio de reflexi\u00f3n cr\u00edtica sobre las identidades y las narrativas que emergen de contextos africanos y afrodescendientes. Se abordar\u00e1n las tensiones inherentes a la representaci\u00f3n cultural, la necesidad de visibilidad de voces diversas y la difusi\u00f3n de la producci\u00f3n intelectual africana como un patrimonio vivo. A trav\u00e9s de un recorrido por varias obras seleccionadas, se evidenciar\u00e1 c\u00f3mo las Colecciones Casa \u00c1frica contribuyen a un mayor conocimiento del patrimonio cultural africano en espa\u00f1ol y al entendimiento de las interconexiones entre \u00c1frica y su di\u00e1spora. Se pone tambi\u00e9n en valor la contribuci\u00f3n de la academia espa\u00f1ola a un mayor conocimiento de los pa\u00edses africanos. Adem\u00e1s, se pone de relieve el esfuerzo de la academia espa\u00f1ola por ampliar la comprensi\u00f3n de los contextos africanos fortaleciendo el di\u00e1logo intercultural.<br \/>\nLa Colecci\u00f3n de Literatura incluye obras de autores contempor\u00e1neos y cl\u00e1sicos que abordan temas como la identidad, la di\u00e1spora y la memoria, reflejando la riqueza y diversidad de las letras africanas. La Colecci\u00f3n de Ensayo, por su parte, re\u00fane textos que analizan cuestiones sociales, pol\u00edticas y culturales, ofreciendo perspectivas cr\u00edticas que invitan a la reflexi\u00f3n y el debate. En cuanto a la Colecci\u00f3n de Historia y Pol\u00edtica, se centra en el contexto hist\u00f3rico de los pa\u00edses africanos, con obras que abordan desde la colonizaci\u00f3n hasta los procesos de descolonizaci\u00f3n y sus implicaciones actuales. La Colecci\u00f3n Academia Digital complementa estas obras, proporcionando acceso a recursos acad\u00e9micos y materiales de investigaci\u00f3n, facilitando la formaci\u00f3n de nuevas generaciones interesadas en el estudio de \u00c1frica y di\u00e1spora.<\/p>\n","protected":false},"author":1451,"featured_media":0,"template":"","meta":{"_acf_changed":false,"_et_pb_use_builder":"","_et_pb_old_content":"","_et_gb_content_width":"","footnotes":""},"ciea":[87],"class_list":["post-8681","comunicacion","type-comunicacion","status-publish","hentry","ciea-ciea12"],"acf":[],"_links":{"self":[{"href":"https:\/\/redestudiosafricanos.org\/en\/wp-json\/wp\/v2\/comunicacion\/8681","targetHints":{"allow":["GET"]}}],"collection":[{"href":"https:\/\/redestudiosafricanos.org\/en\/wp-json\/wp\/v2\/comunicacion"}],"about":[{"href":"https:\/\/redestudiosafricanos.org\/en\/wp-json\/wp\/v2\/types\/comunicacion"}],"author":[{"embeddable":true,"href":"https:\/\/redestudiosafricanos.org\/en\/wp-json\/wp\/v2\/users\/1451"}],"version-history":[{"count":1,"href":"https:\/\/redestudiosafricanos.org\/en\/wp-json\/wp\/v2\/comunicacion\/8681\/revisions"}],"predecessor-version":[{"id":8682,"href":"https:\/\/redestudiosafricanos.org\/en\/wp-json\/wp\/v2\/comunicacion\/8681\/revisions\/8682"}],"wp:attachment":[{"href":"https:\/\/redestudiosafricanos.org\/en\/wp-json\/wp\/v2\/media?parent=8681"}],"wp:term":[{"taxonomy":"ciea","embeddable":true,"href":"https:\/\/redestudiosafricanos.org\/en\/wp-json\/wp\/v2\/ciea?post=8681"}],"curies":[{"name":"wp","href":"https:\/\/api.w.org\/{rel}","templated":true}]}}

Las Colecciones de Casa África: narrativas en diálogo con las diversidades culturales africanas

<p>Las Colecciones de Casa África representan un esfuerzo significativo por promover el patrimonio cultural africano y afrodescendiente a través de la literatura, el ensayo, la historia y la política, en audiencias españolas e hispanohablantes. Esta comunicación explorará cómo estas colecciones no solo sirven como un repositorio de conocimiento, sino también como un espacio de reflexión crítica sobre las identidades y las narrativas que emergen de contextos africanos y afrodescendientes. Se abordarán las tensiones inherentes a la representación cultural, la necesidad de visibilidad de voces diversas y la difusión de la producción intelectual africana como un patrimonio vivo. A través de un recorrido por varias obras seleccionadas, se evidenciará cómo las Colecciones Casa África contribuyen a un mayor conocimiento del patrimonio cultural africano en español y al entendimiento de las interconexiones entre África y su diáspora. Se pone también en valor la contribución de la academia española a un mayor conocimiento de los países africanos. Además, se pone de relieve el esfuerzo de la academia española por ampliar la comprensión de los contextos africanos fortaleciendo el diálogo intercultural.<br />
La Colección de Literatura incluye obras de autores contemporáneos y clásicos que abordan temas como la identidad, la diáspora y la memoria, reflejando la riqueza y diversidad de las letras africanas. La Colección de Ensayo, por su parte, reúne textos que analizan cuestiones sociales, políticas y culturales, ofreciendo perspectivas críticas que invitan a la reflexión y el debate. En cuanto a la Colección de Historia y Política, se centra en el contexto histórico de los países africanos, con obras que abordan desde la colonización hasta los procesos de descolonización y sus implicaciones actuales. La Colección Academia Digital complementa estas obras, proporcionando acceso a recursos académicos y materiales de investigación, facilitando la formación de nuevas generaciones interesadas en el estudio de África y diáspora.</p>
