{"id":6434,"date":"2024-09-26T00:36:35","date_gmt":"2024-09-25T22:36:35","guid":{"rendered":"https:\/\/redestudiosafricanos.org\/?post_type=comunicacion&#038;p=6434"},"modified":"2024-10-06T13:53:37","modified_gmt":"2024-10-06T11:53:37","slug":"el-caso-de-libia-como-expresion-politico-espacial-de-la-securitizacion-migratoria","status":"publish","type":"comunicacion","link":"https:\/\/redestudiosafricanos.org\/fr\/comunicacion\/el-caso-de-libia-como-expresion-politico-espacial-de-la-securitizacion-migratoria\/","title":{"rendered":"El caso de Libia como expresi\u00f3n pol\u00edtico-espacial de la \u201csecuritizaci\u00f3n\u201d migratoria"},"content":{"rendered":"<p>Cuando transcurr\u00eda el a\u00f1o 2008, el l\u00edder libio, Muamar el Gadafi, y el primer ministro italiano, Silvio Berlusconi, firmaron un acuerdo de cooperaci\u00f3n. P\u00fablicamente, este tratado fue definido como un pacto de amistad entre ambos pa\u00edses por el cual Roma pagar\u00eda al gobierno de Libia cinco mil millones de euros en un per\u00edodo de 20 a\u00f1os como forma de compensaci\u00f3n por los perjuicios infligidos al pueblo de este pa\u00eds en el transcurso de tres d\u00e9cadas de colonizaci\u00f3n. A pesar de este objetivo manifiesto, el tratado debe interpretarse dentro del marco de las pol\u00edticas europeas crecientemente restrictivas con respecto a las migraciones, por el cual Gadafi asumi\u00f3 el compromiso de impedir la salida de los potenciales migrantes que pretendieran ingresar a Europa utilizando al territorio de Libia como \u201ctrampol\u00edn\u201d.  Por ello la Guardia Costera libia fue entrenada y provista con equipamiento y patrullas, mientras que el interior del pa\u00eds se transform\u00f3 en un corredor al que muchos de los desplazados pudieron ingresar, pero dif\u00edcilmente salir, ya que quedaron atrapados en una red de centros de detenci\u00f3n para inmigrantes o en c\u00e1rceles financiadas con el dinero recibido de Italia. Aunque Gadafi fue derrocado y asesinado en el a\u00f1o 2011, en el contexto de la Primavera \u00c1rabe, el escenario no cambi\u00f3. La asunci\u00f3n del Consejo Nacional de Transici\u00f3n (CNT) no trajo consigo modificaciones en lo que hace a la situaci\u00f3n de los extranjeros ingresados en Libia para buscar trabajo en su interior o para llegar a territorio europeo a trav\u00e9s del Mediterr\u00e1neo. M\u00e1s a\u00fan: en 2017 los nuevos gobiernos de Italia y Libia firmaron un memor\u00e1ndum que, esencialmente, renov\u00f3 el contenido del suscripto previamente y que ha sido objeto de sucesivas pr\u00f3rrogas. A partir de este marco diplom\u00e1tico-legal, nos proponemos analizar el papel de Libia en el reforzamiento de la &quot;securitizaci\u00f3n&quot; migratoria.<\/p>\n","protected":false},"author":939,"featured_media":0,"template":"","meta":{"_acf_changed":false,"_et_pb_use_builder":"","_et_pb_old_content":"","_et_gb_content_width":"","footnotes":""},"ciea":[87],"class_list":["post-6434","comunicacion","type-comunicacion","status-publish","hentry","ciea-ciea12"],"acf":[],"_links":{"self":[{"href":"https:\/\/redestudiosafricanos.org\/fr\/wp-json\/wp\/v2\/comunicacion\/6434","targetHints":{"allow":["GET"]}}],"collection":[{"href":"https:\/\/redestudiosafricanos.org\/fr\/wp-json\/wp\/v2\/comunicacion"}],"about":[{"href":"https:\/\/redestudiosafricanos.org\/fr\/wp-json\/wp\/v2\/types\/comunicacion"}],"author":[{"embeddable":true,"href":"https:\/\/redestudiosafricanos.org\/fr\/wp-json\/wp\/v2\/users\/939"}],"version-history":[{"count":1,"href":"https:\/\/redestudiosafricanos.org\/fr\/wp-json\/wp\/v2\/comunicacion\/6434\/revisions"}],"predecessor-version":[{"id":6435,"href":"https:\/\/redestudiosafricanos.org\/fr\/wp-json\/wp\/v2\/comunicacion\/6434\/revisions\/6435"}],"wp:attachment":[{"href":"https:\/\/redestudiosafricanos.org\/fr\/wp-json\/wp\/v2\/media?parent=6434"}],"wp:term":[{"taxonomy":"ciea","embeddable":true,"href":"https:\/\/redestudiosafricanos.org\/fr\/wp-json\/wp\/v2\/ciea?post=6434"}],"curies":[{"name":"wp","href":"https:\/\/api.w.org\/{rel}","templated":true}]}}

El caso de Libia como expresión político-espacial de la “securitización” migratoria

<p>Cuando transcurría el año 2008, el líder libio, Muamar el Gadafi, y el primer ministro italiano, Silvio Berlusconi, firmaron un acuerdo de cooperación. Públicamente, este tratado fue definido como un pacto de amistad entre ambos países por el cual Roma pagaría al gobierno de Libia cinco mil millones de euros en un período de 20 años como forma de compensación por los perjuicios infligidos al pueblo de este país en el transcurso de tres décadas de colonización. A pesar de este objetivo manifiesto, el tratado debe interpretarse dentro del marco de las políticas europeas crecientemente restrictivas con respecto a las migraciones, por el cual Gadafi asumió el compromiso de impedir la salida de los potenciales migrantes que pretendieran ingresar a Europa utilizando al territorio de Libia como “trampolín”.  Por ello la Guardia Costera libia fue entrenada y provista con equipamiento y patrullas, mientras que el interior del país se transformó en un corredor al que muchos de los desplazados pudieron ingresar, pero difícilmente salir, ya que quedaron atrapados en una red de centros de detención para inmigrantes o en cárceles financiadas con el dinero recibido de Italia. Aunque Gadafi fue derrocado y asesinado en el año 2011, en el contexto de la Primavera Árabe, el escenario no cambió. La asunción del Consejo Nacional de Transición (CNT) no trajo consigo modificaciones en lo que hace a la situación de los extranjeros ingresados en Libia para buscar trabajo en su interior o para llegar a territorio europeo a través del Mediterráneo. Más aún: en 2017 los nuevos gobiernos de Italia y Libia firmaron un memorándum que, esencialmente, renovó el contenido del suscripto previamente y que ha sido objeto de sucesivas prórrogas. A partir de este marco diplomático-legal, nos proponemos analizar el papel de Libia en el reforzamiento de la &quot;securitización&quot; migratoria.</p>
