{"id":6586,"date":"2024-09-29T22:17:34","date_gmt":"2024-09-29T20:17:34","guid":{"rendered":"https:\/\/redestudiosafricanos.org\/?post_type=comunicacion&#038;p=6586"},"modified":"2024-10-07T18:36:19","modified_gmt":"2024-10-07T16:36:19","slug":"la-transformacion-constitucional-de-sudafrica-de-la-segregacion-a-la-democracia-1990-1994","status":"publish","type":"comunicacion","link":"https:\/\/redestudiosafricanos.org\/fr\/comunicacion\/la-transformacion-constitucional-de-sudafrica-de-la-segregacion-a-la-democracia-1990-1994\/","title":{"rendered":"LA TRANSFORMACI\u00d3N CONSTITUCIONAL DE SUD\u00c1FRICA: DE LA SEGREGACI\u00d3N A LA DEMOCRACIA (1990-1994)"},"content":{"rendered":"<p>El objetivo de este trabajo es analizar en perspectiva hist\u00f3rica y sobre la base de fuentes primarias, la pol\u00edtica del proceso constitucional sudafricano, es decir, la colisi\u00f3n de intereses, liderazgos y din\u00e1micas negociadoras entre m\u00faltiples actores que suscitaron tanto la democratizaci\u00f3n del referente africano, como tambi\u00e9n la fijaci\u00f3n de su institucionalidad.<\/p>\n<p>El per\u00edodo entre 1990 y 1994 marc\u00f3 un punto de inflexi\u00f3n en la historia de Sud\u00e1frica, pasando del r\u00e9gimen de segregaci\u00f3n racial a una democracia constitucional. La liberaci\u00f3n de Mandela en 1990 y la legalizaci\u00f3n del ANC dieron inicio a un di\u00e1logo hist\u00f3rico entre el gobierno de De Klerk y los movimientos anti-apartheid. <\/p>\n<p>Las negociaciones para la transici\u00f3n, caracterizadas por su complejidad y tensiones, se llevaron a cabo en un contexto de violencia pol\u00edtica y profundas divisiones sociales. Se buscaba construir un nuevo orden constitucional que garantizara la igualdad y los derechos de todos los ciudadanos, abordando temas cruciales como la representaci\u00f3n pol\u00edtica, la propiedad, la justicia social y la territorialidad. <\/p>\n<p>Las conversaciones fueron un proceso complejo de concesiones y compromisos. La Convenci\u00f3n para una Sud\u00e1frica Democr\u00e1tica (CODESA), establecida en 1991, fue el espacio para debatir los principios de la nueva Constituci\u00f3n. Partidos pol\u00edticos, grupos sociales y comunidades participaron en la construcci\u00f3n del nuevo pacto social que sentar\u00eda las bases para una sociedad democr\u00e1tica. <\/p>\n<p>La Constituci\u00f3n de 1996, fundada en los acuerdos alcanzados en CODESA, consagr\u00f3 los derechos fundamentales, la igualdad ante la ley, la democracia y el Estado de Derecho; cimentando as\u00ed las bases de una m\u00e1s sociedad justa e igualitaria. Este proceso, si bien no estuvo exento de desaf\u00edos, es considerado un hito a nivel mundial, mostrando c\u00f3mo el di\u00e1logo, la negociaci\u00f3n y la reconciliaci\u00f3n pueden \u2013en cierta medida &#8211; transformar una sociedad marcada por la desigualdad y el conflicto en una naci\u00f3n m\u00e1s democr\u00e1tica e inclusiva.<\/p>\n","protected":false},"author":1337,"featured_media":0,"template":"","meta":{"_acf_changed":false,"_et_pb_use_builder":"","_et_pb_old_content":"","_et_gb_content_width":"","footnotes":""},"ciea":[87],"class_list":["post-6586","comunicacion","type-comunicacion","status-publish","hentry","ciea-ciea12"],"acf":[],"_links":{"self":[{"href":"https:\/\/redestudiosafricanos.org\/fr\/wp-json\/wp\/v2\/comunicacion\/6586","targetHints":{"allow":["GET"]}}],"collection":[{"href":"https:\/\/redestudiosafricanos.org\/fr\/wp-json\/wp\/v2\/comunicacion"}],"about":[{"href":"https:\/\/redestudiosafricanos.org\/fr\/wp-json\/wp\/v2\/types\/comunicacion"}],"author":[{"embeddable":true,"href":"https:\/\/redestudiosafricanos.org\/fr\/wp-json\/wp\/v2\/users\/1337"}],"version-history":[{"count":1,"href":"https:\/\/redestudiosafricanos.org\/fr\/wp-json\/wp\/v2\/comunicacion\/6586\/revisions"}],"predecessor-version":[{"id":6587,"href":"https:\/\/redestudiosafricanos.org\/fr\/wp-json\/wp\/v2\/comunicacion\/6586\/revisions\/6587"}],"wp:attachment":[{"href":"https:\/\/redestudiosafricanos.org\/fr\/wp-json\/wp\/v2\/media?parent=6586"}],"wp:term":[{"taxonomy":"ciea","embeddable":true,"href":"https:\/\/redestudiosafricanos.org\/fr\/wp-json\/wp\/v2\/ciea?post=6586"}],"curies":[{"name":"wp","href":"https:\/\/api.w.org\/{rel}","templated":true}]}}

LA TRANSFORMACIÓN CONSTITUCIONAL DE SUDÁFRICA: DE LA SEGREGACIÓN A LA DEMOCRACIA (1990-1994)

<p>El objetivo de este trabajo es analizar en perspectiva histórica y sobre la base de fuentes primarias, la política del proceso constitucional sudafricano, es decir, la colisión de intereses, liderazgos y dinámicas negociadoras entre múltiples actores que suscitaron tanto la democratización del referente africano, como también la fijación de su institucionalidad.</p>
<p>El período entre 1990 y 1994 marcó un punto de inflexión en la historia de Sudáfrica, pasando del régimen de segregación racial a una democracia constitucional. La liberación de Mandela en 1990 y la legalización del ANC dieron inicio a un diálogo histórico entre el gobierno de De Klerk y los movimientos anti-apartheid. </p>
<p>Las negociaciones para la transición, caracterizadas por su complejidad y tensiones, se llevaron a cabo en un contexto de violencia política y profundas divisiones sociales. Se buscaba construir un nuevo orden constitucional que garantizara la igualdad y los derechos de todos los ciudadanos, abordando temas cruciales como la representación política, la propiedad, la justicia social y la territorialidad. </p>
<p>Las conversaciones fueron un proceso complejo de concesiones y compromisos. La Convención para una Sudáfrica Democrática (CODESA), establecida en 1991, fue el espacio para debatir los principios de la nueva Constitución. Partidos políticos, grupos sociales y comunidades participaron en la construcción del nuevo pacto social que sentaría las bases para una sociedad democrática. </p>
<p>La Constitución de 1996, fundada en los acuerdos alcanzados en CODESA, consagró los derechos fundamentales, la igualdad ante la ley, la democracia y el Estado de Derecho; cimentando así las bases de una más sociedad justa e igualitaria. Este proceso, si bien no estuvo exento de desafíos, es considerado un hito a nivel mundial, mostrando cómo el diálogo, la negociación y la reconciliación pueden –en cierta medida &#8211; transformar una sociedad marcada por la desigualdad y el conflicto en una nación más democrática e inclusiva.</p>
